
What is the greatest common divisor of 936 and 108?
36
Calculate the highest common factor of 943 and 161.
23
Calculate the greatest common factor of 1595 and 11484.
319
Calculate the highest common divisor of 819 and 1872.
117
What is the highest common divisor of 943 and 2214?
41
What is the highest common factor of 185 and 148?
37
Calculate the highest common divisor of 188 and 47.
47
What is the greatest common factor of 15 and 125?
5
What is the greatest common divisor of 12 and 138?
6
What is the highest common factor of 38 and 4826?
38
What is the highest common divisor of 1876 and 201?
67
Calculate the highest common factor of 15 and 5055.
15
What is the greatest common divisor of 3249 and 342?
171
What is the greatest common divisor of 56 and 3416?
56
Calculate the highest common divisor of 288 and 504.
72
Calculate the highest common factor of 4 and 324.
4
Calculate the highest common factor of 340 and 204.
68
Calculate the highest common divisor of 231 and 21.
21
What is the greatest common factor of 151 and 23707?
151
What is the greatest common factor of 120 and 7080?
120
Calculate the highest common divisor of 172 and 4.
4
Calculate the greatest common divisor of 12544 and 98.
98
Calculate the highest common divisor of 640 and 4240.
80
What is the highest common factor of 6 and 16?
2
What is the highest common factor of 132 and 165?
33
Calculate the highest common factor of 52 and 11596.
52
Calculate the greatest common divisor of 1177 and 77.
11
What is the greatest common factor of 20 and 14780?
20
Calculate the greatest common factor of 27 and 27.
27
What is the greatest common divisor of 1504 and 1034?
94
Calculate the highest common divisor of 244 and 12.
4
What is the highest common factor of 671 and 176?
11
Calculate the greatest common factor of 12 and 78.
6
What is the highest common divisor of 6 and 338?
2
Calculate the highest common factor of 51 and 34.
17
What is the highest common divisor of 3129 and 21?
21
Calculate the greatest common factor of 322 and 598.
46
Calculate the greatest common divisor of 312 and 1144.
104
What is the greatest common factor of 102 and 1751?
17
Calculate the greatest common factor of 64 and 512.
64
What is the highest common factor of 18 and 12?
6
What is the greatest common factor of 33 and 15741?
33
Calculate the highest common divisor of 15741 and 106.
53
What is the greatest common factor of 102 and 374?
34
Calculate the highest common factor of 142 and 781.
71
Calculate the highest common factor of 53 and 265.
53
Calculate the highest common factor of 42 and 462.
42
Calculate the highest common divisor of 117 and 81.
9
Calculate the greatest common factor of 42 and 18.
6
Calculate the highest common factor of 33 and 1243.
11
Calculate the highest common divisor of 639 and 71.
71
What is the highest common factor of 144 and 99?
9
What is the highest common factor of 1133 and 11?
11
What is the greatest common factor of 182 and 266?
14
Calculate the highest common divisor of 68 and 374.
34
What is the greatest common factor of 2436 and 84?
84
Calculate the highest common divisor of 17 and 30753.
17
What is the greatest common divisor of 42 and 161?
7
Calculate the highest common factor of 74 and 1702.
74
Calculate the greatest common factor of 44 and 44110.
22
Calculate the highest common factor of 26 and 18499.
13
Calculate the greatest common divisor of 320 and 20.
20
Calculate the greatest common factor of 20 and 30.
10
Calculate the highest common divisor of 957 and 87.
87
Calculate the greatest common factor of 741 and 117.
39
Calculate the greatest common divisor of 3 and 29.
1
What is the greatest common divisor of 25 and 70?
5
Calculate the highest common divisor of 1233 and 30.
3
What is the highest common factor of 585 and 325?
65
What is the highest common factor of 304 and 722?
38
What is the greatest common divisor of 8 and 82?
2
What is the highest common factor of 24 and 5736?
24
What is the highest common divisor of 16 and 36544?
16
Calculate the highest common divisor of 20 and 3385.
5
Calculate the highest common factor of 93 and 403.
31
What is the highest common factor of 8051 and 97?
97
What is the highest common factor of 2124 and 108?
36
What is the greatest common divisor of 113 and 3616?
113
Calculate the greatest common divisor of 161 and 357.
7
Calculate the greatest common factor of 396 and 16764.
132
Calculate the highest common divisor of 16 and 688.
16
Calculate the highest common factor of 342 and 5985.
171
Calculate the greatest common divisor of 2 and 3742.
2
Calculate the highest common divisor of 4182 and 102.
102
What is the greatest common factor of 30 and 390?
30
What is the greatest common divisor of 156 and 240?
12
Calculate the highest common divisor of 1356 and 12.
12
Calculate the highest common factor of 451 and 341.
11
What is the greatest common factor of 550 and 100?
50
What is the highest common factor of 12 and 764?
4
What is the greatest common factor of 19 and 1?
1
What is the highest common divisor of 880 and 165?
55
What is the greatest common factor of 511 and 73?
73
Calculate the highest common factor of 18 and 216.
18
What is the greatest common divisor of 1170 and 182?
26
Calculate the greatest common factor of 7808 and 640.
128
Calculate the greatest common divisor of 18 and 7.
1
Calculate the greatest common divisor of 117 and 5733.
117
Calculate the greatest common divisor of 456 and 2888.
152
Calculate the greatest common divisor of 3077 and 2715.
181
Calculate the highest common divisor of 24 and 148152.
24
What is the highest common divisor of 3815 and 7?
7
Calculate the highest common divisor of 11 and 5071.
11
Calculate the greatest common divisor of 48 and 368.
16
Calculate the highest common divisor of 47 and 752.
47
Calculate the greatest common divisor of 80 and 304.
16
Calculate the highest common factor of 162 and 2943.
27
What is the greatest common divisor of 689 and 39?
13
What is the greatest common divisor of 28 and 64?
4
Calculate the highest common divisor of 42 and 5250.
42
Calculate the greatest common factor of 52 and 221.
13
What is the highest common divisor of 56 and 154?
14
What is the greatest common factor of 3352 and 16?
8
Calculate the greatest common divisor of 196 and 4067.
49
Calculate the highest common divisor of 58 and 87.
29
What is the greatest common factor of 183 and 6893?
61
Calculate the greatest common factor of 10902 and 138.
138
What is the highest common factor of 69 and 14812?
23
Calculate the highest common factor of 3 and 4.
1
What is the highest common factor of 152 and 72?
8
What is the highest common factor of 1116 and 124?
124
What is the highest common factor of 3 and 1668?
3
Calculate the highest common factor of 473 and 387.
43
What is the greatest common divisor of 25 and 1325?
25
What is the highest common factor of 5593 and 28?
7
Calculate the greatest common divisor of 1378 and 52.
26
What is the highest common factor of 88 and 165?
11
Calculate the greatest common factor of 4 and 1494.
2
Calculate the greatest common factor of 102 and 4318.
34
What is the greatest common factor of 891 and 2013?
33
Calculate the highest common factor of 35 and 8015.
35
Calculate the greatest common divisor of 207 and 10488.
69
Calculate the highest common factor of 1288 and 9821.
161
Calculate the highest common factor of 10761 and 422.
211
What is the highest common divisor of 82 and 1271?
41
Calculate the greatest common factor of 144 and 81.
9
Calculate the greatest common divisor of 304 and 874.
38
What is the greatest common factor of 231 and 2464?
77
Calculate the highest common divisor of 342 and 266.
38
Calculate the greatest common factor of 12 and 118.
2
What is the highest common factor of 2178 and 18?
18
What is the greatest common factor of 41 and 4387?
41
What is the highest common factor of 123 and 82?
41
What is the greatest common factor of 67 and 737?
67
What is the highest common factor of 9612 and 18?
18
Calculate the greatest common factor of 57 and 300.
3
Calculate the greatest common factor of 33 and 88143.
33
Calculate the greatest common divisor of 240 and 288.
48
Calculate the greatest common factor of 27 and 123.
3
Calculate the highest common diviso